
5
Let l be ((-4)/(1 - 3))/2. Let o = 5 - l. Let m(c) = -3*c + 3. What is m(o)?
-9
Let y(w) = -w + 1. Let l(x) = -x**2 + 1. Let m(f) = -l(f) - 4*y(f). Let u be m(-5). Let h(v) = v - 5 + 1 + u*v. Determine h(2).
-2
Let k(h) = 2*h + 4. Let z be (2 + -9)/(-1 - 0). What is k(z)?
18
Let i(r) = -3*r + 3. Let q be 4/(-14) + (-60)/(-14). What is i(q)?
-9
Let q(p) be the first derivative of -p**2/2 - p - 1. Let t(u) = -u**3 - 10 + 3 - 1 + 7*u**2 - 4*u + 5*u. Let g be t(7). Give q(g).
0
Let h = 0 + 2. Let a(t) = t**3 - 5*t**2 + h*t**2 + 3 + 3*t - 5. Give a(2).
0
Let y(o) = 3*o**3 - 2*o**2 - 2*o - 5. Let z be (-24)/(-10) + 10/(-25). Let g(q) = -q**3 + 1. Let t(n) = z*g(n) + y(n). Determine t(3).
0
Let d(x) = 5*x + 11. Let l(p) = 11*p + 23. Let y(g) = -13*d(g) + 6*l(g). Suppose -o = 4*o - 4*c - 15, -3*c - 15 = -5*o. Suppose 8 = a - o*a. Give y(a).
-9
Suppose 0 = l - 9 - 5. Suppose -2*a = -x - l, -x - a + 0*a + 1 = 0. Let m(f) = -f**3 - 4*f**2 - 2*f + 5. Give m(x).
13
Let b(t) = -t**2 + 7*t - 4. Suppose -19 = -4*i + 3*q, 5*i + 10*q = 15*q + 20. What is b(i)?
-4
Let a = 1 - 6. Let j(r) = r**2 + 5*r + 3. Let f be j(a). Let y(v) = v**3 - 3*v**2 - 3. Calculate y(f).
-3
Let p(s) = s**3 - 17*s**2 - s + 23. Let w be p(17). Let c(t) be the first derivative of t**2/2 - 5*t + 5. Determine c(w).
1
Let y(c) = 2*c**3 + 2*c**2 + 4. Let z be y(-2). Let g(w) = 2*w**2 + 7*w + 4. What is g(z)?
8
Let z(t) = 9*t - 9. Let m(g) = 27*g - 25. Let y(p) = -4*m(p) + 11*z(p). Give y(4).
-35
Let s(n) = n**3 - 11*n**2 + 5*n - 6. Let r(b) = -b**2 + b - 1. Let d be 18/9*(-3)/(-1). Let f(u) = d*r(u) - s(u). Calculate f(5).
5
Let j be (9 + -9)/(1/(-1)). Let g(b) = -b**2 + b + 8. What is g(j)?
8
Let l be (-10)/(-4)*(-12)/(-15). Suppose -3*k = l*k + 2*c + 24, -3*k + 2*c - 8 = 0. Let x(o) = o + 2. Give x(k).
-2
Let b(u) = 10*u + 4. Let d(s) = -1. Let z(j) = b(j) + 3*d(j). What is z(1)?
11
Let x(v) = 12*v - 1. Suppose 0 = -3*k + 3. What is x(k)?
11
Let s(c) = -7 - 4*c**3 + 5*c**3 + 42*c**2 + 40*c**2 - 86*c**2. Calculate s(5).
18
Let u be 6/(-5)*(-10)/3. Let d(k) = -k**2 + 5*k. Calculate d(u).
4
Let k be -3 + (-8)/((-6)/3). Let n(u) = -2*u - 5*u**2 + k - 5*u + 5*u. Let f be 1 + (0 - -1 - 1). Give n(f).
-6
Let g = -44 - -44. Let t(y) = y**3 - y**2 + y + 8. Give t(g).
8
Let h(i) be the first derivative of -i**3/3 + 2*i**2 + 48. Give h(4).
0
Let f(p) = -p**3 - p + 24. Let i be f(0). Suppose 3*r = -6 + i. Let s(x) = x + 1. Give s(r).
7
Let c(v) = -v**3 - 4*v**2 - 4*v - 3. Let x(l) = -l**3 + 3*l + 2. Let n be x(-2). Let z = n + -1. Suppose z*f + 6 = 3*r, -5*f + 2*r - 10 = r. Give c(f).
-3
Let x(g) be the second derivative of -1/3*g**3 + 0 + 9/2*g**2 + 2*g. Calculate x(6).
-3
Let t(d) = 4*d**2 + 5*d + 12. Let b(c) = -3*c**2 - 3*c - 8. Let z(q) = -7*b(q) - 5*t(q). Let j = 5 - 11. Let k(m) = m + 11. Let v be k(j). Calculate z(v).
1
Let i(c) = -6*c - 1. Let b(r) = -r. Let n(y) = 11*b(y) - 2*i(y). Let u(t) = -t**3 + 8*t**2 - 7*t - 3. Let o be u(7). Calculate n(o).
-1
Let y(t) be the third derivative of t**5/60 + t**4/8 - 5*t**3/6 - 4*t**2 - t. Calculate y(-6).
13
Let f(t) = -2 - 8*t + 3 + 0. Suppose -5*u + 20 = -5. Suppose 0 = 3*h + 3*a - 3, 6*h + a = h + u. Determine f(h).
-7
Let o(y) = -y - 1. Let v be o(-2). Let x = v - 1. Let f(d) = d + 9. Let l(z) = z + 9. Let m(r) = -5*f(r) + 6*l(r). What is m(x)?
9
Let s = -6 + 7. Suppose p - 3 = s. Let a(w) = -2*w + 3. Calculate a(p).
-5
Suppose 5*w = 10, 2 = -5*x - 4*w - 0. Let g = 3 + -1. Let v(t) = -2*t**2 + 3*t**2 + g - 2*t**2. Give v(x).
-2
Let q = 7 - 10. Let g(j) = -j. Let d be g(q). Let u(r) = r**2 - 4*r - 1. What is u(d)?
-4
Let j(k) = -37*k + 2*k**2 + 50*k - 9 - 4*k**2 + k**2. Determine j(12).
3
Let b(n) be the third derivative of -n**6/120 + n**5/20 + n**4/8 + 2*n**3/3 + 2*n**2. Let p(u) = u**2 + 3*u - 6. Let i be p(-5). Calculate b(i).
0
Suppose -20*q = -23*q + 24. Let p(j) = j**2 - 9*j + 11. What is p(q)?
3
Let k(c) = -9*c - 23. Let f(w) = -4*w - 11. Let r(m) = 5*f(m) - 2*k(m). Calculate r(-7).
5
Let s(u) be the third derivative of -u**5/60 + 3*u**4/8 + u**3/6 + 17*u**2. Calculate s(10).
-9
Let a(o) be the third derivative of 0 + 1/12*o**4 + 1/3*o**3 + 0*o + 6*o**2. Let d be ((-4)/(-6))/(5/(-15)). Calculate a(d).
-2
Let x(u) be the third derivative of -u**4/2 - 8*u**2. Determine x(1).
-12
Suppose -10 = -m - 2. Suppose -q + 6 = 5*s, 5*q + 4*s - m = q. Let d(b) be the third derivative of -b**4/6 - b**2. What is d(q)?
-4
Let z(i) = i**3 + 4*i**2 - 5*i - 2. Let k be 4 + (-4)/4 - 4*2. Determine z(k).
-2
Suppose v + 4 = 0, -y = -3*y - 2*v - 18. Suppose -5*s = 2*k - 7 - 15, -34 = -5*k - 2*s. Let n(c) = c**3 + 4*c - 2*c + 7 + 4*c**2 - k*c. What is n(y)?
2
Suppose m + 5 = 6*m. Let y(i) = i**2. Let p(x) = -6*x**3 - 5*x**2 + x - 1. Let g(w) = -p(w) - 6*y(w). What is g(m)?
5
Suppose -6 = 3*l - 6*l. Suppose 3*p - l - 1 = 0. Let v(d) = -8*d**3 + d**2 + d - 1. Determine v(p).
-7
Let i(w) be the second derivative of w**5/120 + w**4/24 - w**3/6 + 3*w. Let h(x) be the second derivative of i(x). Let p be 8*1/2*1. Determine h(p).
5
Suppose 4 = 2*l + 2*h, -3*h + 7 = 3*l - h. Suppose 1 = -l*u + 10. Let a(g) = g - 1. Let q(i) = -5*i + 4. Let z(r) = 2*a(r) + q(r). What is z(u)?
-7
Let q(d) = -d**3 - d**2 + d + 11. Suppose 0 = 3*r - 2*r + 2*f + 10, 5 = -f. Give q(r).
11
Let u be -4 + (-4)/(-4) - 9. Let v(t) = t**3 + 12*t**2 + 6. Let z be v(u). Let n(j) = -11*j + 5*j + 3*j**2 - 2*j**2. What is n(z)?
0
Let j(s) = -2*s - 127 + s + 139 + s**2. Give j(0).
12
Suppose 0 = 6*v - 10*v. Let o(d) be the first derivative of d**4/4 - d**3/3 - d**2/2 - 9*d + 2. What is o(v)?
-9
Let c(a) = -4*a + 9. Let s be c(4). Let k(y) = y + 4. What is k(s)?
-3
Let r(y) be the second derivative of y**5/20 + 5*y**4/12 - 2*y**3/3 + 4*y**2 - y. Let i = -234 + 228. What is r(i)?
-4
Let r(c) = -c**2 + 4*c + 3. Let v(a) = 2*a - 15. Let s be v(10). Calculate r(s).
-2
Let q(x) = x**3 + 5*x**2 + 6*x + 4. Let b be q(-4). Let p(t) be the second derivative of t**3/3 + 5*t**2/2 + t. Determine p(b).
-3
Let c(u) = u**2 - 7*u + 4. Let q = 26 + -6. Suppose -4*p = 2*m - m - q, 24 = 5*m + p. Calculate c(m).
-8
Suppose -6 = -q - 3. Let s(n) = -n**3 + 0 - 5*n**2 + 3 + 0*n**q. Let v = 71 - 76. Give s(v).
3
Let q be 1/(2*3/(-30)). Let o(b) = 5*b - 2*b + 4*b - 4*b + 3. Give o(q).
-12
Let w be (10 + -8)/(2/(-5)). Let y be w/((-10)/(-6)) + 8. Let o(l) = -l**3 + 6*l**2 - 2*l - 3. What is o(y)?
12
Let x(c) = -2*c - c + 2*c + 3. Let z(n) = -n + 3. Let a(l) = -4*x(l) + 5*z(l). Let v(s) = s**2 + 5*s + 5. Let d be v(-5). Determine a(d).
-2
Let x = 53 + -55. Suppose 0 = 2*g - 5*a + 21, -1 = -4*g - a + 12. Let w(u) = 4 - 3 + 5*u - g*u + u**2. Calculate w(x).
-1
Let x(n) = -n**3 + 3*n**2 - n. Let b(o) be the third derivative of -o**4/24 + 3*o**3/2 + 2*o**2. Let q be b(6). What is x(q)?
-3
Let z(h) = -h**3 + 4*h**2 + 2*h + 7. Let a be (-14)/(-3) - (-4)/12. What is z(a)?
-8
Suppose 2*t - 11 + 1 = 0. Let b(n) = -n**2 + 5*n. Give b(t).
0
Let c(u) = -3*u + 6*u - 7*u - 8 + 2*u. Suppose -22 = 4*a + 2*f, -4*a - f = 4*f + 19. Determine c(a).
4
Let b(z) = 0 - 2 + 4 - z**2 + 2 + z. Calculate b(0).
4
Let v(u) = u + 8*u + 2 - 5*u**2 - 7*u - u**3 - 7*u. Determine v(-4).
6
Let l = 8 + -5. Let q be 17/(-4) + l/12. Let h(u) = u. Let v(n) = -3*n - 3. Let j(p) = -2*h(p) - v(p). Give j(q).
-1
Suppose -o - 6 = -3*o. Let l(i) = -3*i - 1. Give l(o).
-10
Let q(u) be the third derivative of u**7/5040 + u**6/240 + u**5/15 - 4*u**2. Let z(b) be the third derivative of q(b). Give z(-3).
0
Let b(r) = r**2 + 3*r - 1. Suppose 21 = -5*y + 1. What is b(y)?
3
Let r be (-2 + 24/6)/(1/(-2)). Let t(v) = 2*v**2 + 5*v + 1. Give t(r).
13
Let n(m) = -m - 1. Let w(t) be the first derivative of -t**2/2 - 5*t + 1. Let z be w(0). What is n(z)?
4
Let t(f) = f**2 - f - 1. Let m be (-2 - (2 - 3)) + 2. Let x(u) = 3*u**2 - u - 2. Let i(s) = m*x(s) - 4*t(s). Let z be ((-2)/(-3))/((-2)/6). Determine i(z).
-8
Let s be (-3 + (-28)/(-8))*-4. Let l(f) = 4*f**2 + 3*f + 2. Give l(s).
12
Let n(g) = g - 7. Let w be 5*(8/(-10) + 2). Determine n(w).
-1
Let y(x) = -2 + x + 0*x + 0*x. Let s be y(7). Let m(p) = -2*p**2 + 11*p + 13. Let r(z) = 3*z**2 - 16*z - 19. Let n(c) = 7*m(c) + 5*r(c). Give n(s).
6
Let i(w) be the first derivative of w**2/2 + w - 16. Calculate i(6).
7
Let o(x) = -6*x**2 - 4*